7, what is -1 - 200?
-201
In base 15, what is -224 + 4?
-220
In base 5, what is 10 - -121?
131
In base 7, what is -4 + -1641?
-1645
In base 13, what is 394 - -1?
395
In base 9, what is 5 + -25?
-20
In base 9, what is 20271 + -4?
20266
In base 16, what is 112 - -5?
117
In base 2, what is 10000001010100 + 101?
10000001011001
In base 8, what is 62 - 7?
53
In base 10, what is -1 - 28?
-29
In base 6, what is 350 + 10?
400
In base 11, what is -16 - 5?
-20
In base 9, what is 0 - 55?
-55
In base 3, what is 0 + -112102001?
-112102001
In base 15, what is -11 + 0?
-11
In base 16, what is 21 + 3d?
5e
In base 14, what is -a60 - -5?
-a59
In base 6, what is -34 + -34?
-112
In base 8, what is 140 - -31?
171
In base 16, what is -3 - 54?
-57
In base 6, what is 151 - 31?
120
In base 9, what is 0 - 60?
-60
In base 10, what is -401 + 10?
-391
In base 15, what is 2 + 29e?
2a1
In base 8, what is 453 + 5?
460
In base 14, what is -9 + -5a?
-65
In base 9, what is -5 + -214?
-220
In base 11, what is -402 + -1?
-403
In base 2, what is -100111110 + -10?
-101000000
In base 9, what is -7717 + 4?
-7713
In base 6, what is -323 - 1?
-324
In base 9, what is -2 - 176?
-178
In base 4, what is -22 + -22?
-110
In base 13, what is 10 + 0?
10
In base 10, what is -567 - -15?
-552
In base 5, what is 3 - -120102?
120110
In base 7, what is -1145 + -1?
-1146
In base 11, what is 17684 + -2?
17682
In base 13, what is -2 - 15c6?
-15c8
In base 5, what is -112 - 13?
-130
In base 4, what is -1331 - -1?
-1330
In base 16, what is 111 + 1?
112
In base 11, what is 1 - 136?
-135
In base 3, what is 20022 + 1?
20100
In base 12, what is -13 - 5a9?
-600
In base 2, what is 1 - -111101?
111110
In base 10, what is 12 - -157?
169
In base 2, what is -1110 + -100100?
-110010
In base 4, what is -21221 + 0?
-21221
In base 13, what is -71 + -8?
-79
In base 5, what is -2 - 2323?
-2330
In base 6, what is 2544 - 5?
2535
In base 13, what is a + 6?
13
In base 8, what is -664 - -13?
-651
In base 9, what is 11022 + 1?
11023
In base 9, what is -5 + -3?
-8
In base 7, what is 24051 - -5?
24056
In base 10, what is 987 - -3?
990
In base 3, what is 220020 - -2?
220022
In base 2, what is 0 + 11010?
11010
In base 9, what is -2 - -671?
668
In base 9, what is -1843 + 14?
-1828
In base 4, what is -1221311 + 11?
-1221300
In base 2, what is 11 - 101111?
-101100
In base 15, what is -11a2 + -2?
-11a4
In base 2, what is -10001 - -11101?
1100
In base 9, what is -7002 - 5?
-7007
In base 3, what is 112200 - -10?
112210
In base 3, what is 2000 - 100?
1200
In base 3, what is -1022210 + 12?
-1022121
In base 3, what is -101 - -11?
-20
In base 7, what is -4 + -32?
-36
In base 9, what is -15 + 14?
-1
In base 13, what is -3a + 12?
-28
In base 12, what is -148 + 1b?
-129
In base 13, what is 1 - -1?
2
In base 16, what is 5 - 5b7?
-5b2
In base 15, what is -e - -4?
-a
In base 8, what is -5 - -163?
156
In base 12, what is 4 + 725?
729
In base 11, what is 110 + 3?
113
In base 12, what is -6b + -4?
-73
In base 2, what is -10100110 - -11?
-10100011
In base 13, what is 16 + 7?
20
In base 14, what is -2d + -4?
-33
In base 16, what is -119 + -5?
-11e
In base 4, what is 112 + -20?
32
In base 13, what is -1 + -1b?
-1c
In base 2, what is 100 + -110101001?
-110100101
In base 13, what is -5 + a7?
a2
In base 12, what is -11 + 1a?
9
In base 10, what is 3606 - 2?
3604
In base 9, what is -1 + 227?
226
In base 10, what is 208 - 12?
196
In base 16, what is -4 - -36?
32
In base 10, what is 5 - -2799?
2804
In base 13, what is -22 + -40?
-62
In base 9, what is -3 + -330?
-333
In base 12, what is -2236 + -3?
-2239
In base 5, what is 1 - -23324?
23330
In base 8, what is -742 + 4?
-736
In base 15, what is -b9 + -2?
-bb
In base 3, what is -21120 - 122?
-22012
In base 4, what is 3122 + 13?
3201
In base 10, what is -2 + -2910?
-2912
In base 6, what is 33151 - 1?
33150
In base 10, what is 1 + -56?
-55
In base 11, what is 113 + 42?
155
In base 2, what is -101000000111100 - 1?
-101000000111101
In base 6, what is -13 - 225?
-242
In base 10, what is -2 + -12?
-14
In base 2, what is 1011 - 100001111?
-100000100
In base 4, what is -2 + 13102?
13100
In base 16, what is -4d + 0?
-4d
In base 14, what is 343 - -1?
344
In base 4, what is 2 + -103?
-101
In base 12, what is -1 + -18?
-19
In base 10, what is 25 + -3?
22
In base 14, what is -5 + -25?
-2a
In base 6, what is 202014 - -1?
202015
In base 16, what is -22 + 8?
-1a
In base 16, what is -2338 - -5?
-2333
In base 14, what is 1441 - -2?
1443
In base 2, what is -1 - -100000?
11111
In base 6, what is -10 - 5?
-15
In base 12, what is -1b5 + -9?
-202
In base 5, what is -10 - 13?
-23
In base 15, what is 2 + 329?
32b
In base 8, what is 454 + 0?
454
In base 14, what is -1493 - 1?
-1494
In base 12, what is -4 + 73?
6b
In base 4, what is 112 - -13?
131
In base 11, what is 55 - 7a?
-25
In base 12, what is 132 - 0?
132
In base 4, what is -3 - -111022?
111013
In base 9, what is 283 - 41?
242
In base 12, what is 2 - -10?
12
In base 4, what is -1123111 - -2?
-1123103
In base 15, what is -27 + 10?
-17
In base 14, what is 152c - 2?
152a
In base 13, what is -1bc + -1?
-1c0
In base 10, what is -33 + -23?
-56
In base 2, what is -101 - 10100000?
-10100101
In base 2, what is 10011111 - -1100?
10101011
In base 2, what is 10010111101 - -1?
10010111110
In base 4, what is -32 + -1?
-33
In base 12, what is 3b + -26?
15
In base 15, what is -c - -3?
-9
In base 12, what is -2 + -18?
-1a
In base 4, what is 2 - -30221?
30223
In base 11, what is 262 - 13?
24a
In base 11, what is -48 - -37?
-11
In base 4, what is -123 + 0?
-123
In base 11, what is -22 - 1?
-23
In base 5, what is 3 + -31?
-23
In base 2, what is -11110101 + -1011?
-100000000
In base 9, what is -1 - -1257?
1256
In base 5, what is 1132 + -4?
1123
In base 14, what is -1 - -54a?
549
In base 6, what is 3 - 431?
-424
In base 7, what is 130 - 0?
130
In base 7, what is 3 + 62?
65
In base 8, what is 3 + -111?
-106
In base 7, what is 1 + -110?
-106
In base 9, what is -1 + 432?
431
In base 15, what is 9c5 - 2?
9c3
In base 13, what is 8 + 51?
59
In base 11, what is -987 - -5?
-982
In base 2, what is -1 + 11101?
11100
In base 14, what is -62 - 3?
-65
In base 15, what is 1a0 + -2?
19d
In base 2, what is -10 - -1001011?
1001001
In base 7, what is 0 - 104?
-104
In base 10, what is 0 + 236?
236
In base 6, what is 202222 + 0?
202222
In base 5, what is -3 - 1040?
-1043
In base 5, what is -4 - 14020?
-14024
In base 2, what is 100 - -1010010?
1010110
In base 16, what is 14d + 0?
14d
In base 10, what is -21992 + -4?
-21996
In base 14, what is 1331 - -2?
1333
In base 6, what is 0 - -15040?
15040
In base 13, what is -3 - -40b?
408
In base 8, what is -5 + 230?
223
In base 14, what is -c6 + -56?
-13c
In base 2, what is 11001 - -1001100?
1100101
In base 3, what is 1000 + -12?
211
In base 11, what is -1 + a9?
a8
In base 4, what is 1321 + 0?
1321
In base 11, what is 3405 + -5?
3400
In base 12, what is 329a + 1?
329b
In base 12, what is -98 - -6?
-92
In base 8, what is -2 - -7?
5
In base 7, what is 166 + -524?
-325
In base 6, what is 5 - -5211?
5220
In base 4, what is 2 + 223?
231
In base 2, what is -1 + 1111011?
1111010
In base 5, what is 134 - 1?
133
In base 3, what is 2 + 11100?
11102
In base 7, what is -113 - 21?
-134
In base 4, what is 20312 + -10?
20302
In base 2, what is 1001 - -110001111110?
110010000111
In base 8, what is 0 + -50?
-50
In base 8, what is -2377 - -1?
-2376
In base 11, what is 10709 + -2?
10707
In base 13, what is -2 + c7?
c5
In base 11, what is -3 + a0?
98
In base 2, what is 1100111 + 100?
1101011
In base 2, what is -10010 - -110?
-1100
In base 15, what is -3 - -a89?
a86
In base 11, what is 13185 - -3?
13188
In base 12, what is 4 - -15?
19
In base 6, what is 3 - -254?
301
In base 8, what is -13 + 125?
112
In base 12, what is 11 - -2?
13
In base 13, what is 15 - -40?
55
In base 9, what is -11866 + 0?
-11866
In base 8, what is -21 - -5?
-14
In base 2, what is 11000 - 110001?
-11001
In base 9, what is 5 + 140?
145
In base 2, what is -11 + 111110001?
111101110
In base 11, what is -20 - 117?
-137
In base 6, what is -3 + -11?
-14
In base 4, what is -32 + 12132?
12100
In base 5, what is 101 - -102?
203
In base 10, what is 69 - 68?
1
In base 3, what is -110 - -12022?
11212
In base 6, what is 5 - 1?
4
In base 15